 Suppose 45*c = 42*c + 9. Let p be ((-40)/24)/(1/c). What is g(p)?
-2
Let h(k) be the first derivative of -4 + 16*k**3 - 9 - k - 15*k**3. Determine h(1).
2
Let r(h) = -25*h**3 + 6*h**2 + 6*h - 6. Let y(u) = 19*u**3 - 6*u**2 - 5*u + 6. Let t(m) = 3*r(m) + 4*y(m). Give t(6).
-6
Let u(t) = -t**3 + 6*t**2 - 3*t + 5. Let b = -19 - -20. Let k(f) = 4*f**3 + 2*f**2 - 2*f + 1. Let m be k(b). Determine u(m).
15
Let o(t) = t**3 - 2*t**3 - 9*t**2 + 23*t - 22*t + 7 + 4. Calculate o(-9).
2
Let l(g) = -8*g - 47. Let m be l(-6). Let k(j) = -2*j**2 + 2*j. Let f(p) = p. Let q(w) = -2*f(w) + k(w). What is q(m)?
-2
Let g(a) = a + 9. Suppose -4*q + 12 = -2*w - 2*w, -6*q = 3*w + 27. Give g(w).
4
Let j(u) = u**2 - 2*u + 3. Suppose -7*s + 9*s = 18. Suppose -14*q + 33 = -s. Give j(q).
6
Let n(o) = 2*o**2 + 6*o + 11. Let g(k) = -k**2 + 1. Let a(j) = g(j) + n(j). Let y be a(-2). Let m(s) = -s**3 + 5*s**2 - 5*s + 3. What is m(y)?
-1
Let g(z) = 7*z**2 - 17*z - 29. Let t(n) = -20*n**2 + 50*n + 86. Let d(a) = 17*g(a) + 6*t(a). Calculate d(13).
-3
Let v be -5 + -8 + 1/(-1). Let f = -17 - v. Let i(q) = -3*q - 2*q**2 + 2*q - q**3 - 4 - 2*q**2. Give i(f).
-10
Suppose -11*s = -3*s. Let t(y) = 2 - y + s*y + 0*y. Determine t(5).
-3
Let y(x) be the first derivative of -x**3/3 + 9*x**2/2 + 4*x + 78. Give y(9).
4
Suppose 149 - 200 = -5*d + q, q + 1 = 0. Let a(b) = -b**3 + 10*b**2 + 4*b - 9. What is a(d)?
31
Let w(n) = 29 + 4*n**2 + 4*n**2 - 5*n**2 - 31 - 2*n**2. Suppose 5*x - 7 = -2*p, -7*x + 2*p + 20 = -3*x. Determine w(x).
7
Let g(r) = -r**2 - 28*r - 10. Let x(t) = 8*t + 3. Let f(n) = 2*g(n) + 7*x(n). Calculate f(0).
1
Let v be (120/70)/((-1)/(-14)). Let h = -22 + v. Let z(i) = -i**3 + 3*i**2 - 2*i - 1. Determine z(h).
-1
Suppose 0 = 4*u - 12, -q + 4*u + 9 = -1. Suppose 2*r + 34 = -3*k - 29, k - 5*r = -4. Let i = q + k. Let a(p) = p + 1. Calculate a(i).
4
Suppose 0 = -2*d + 2*k + 4, 2*k = k. Let c(x) = 3 + 2 - 6*x + d*x. What is c(6)?
-19
Let i(f) = 0 + 2 + 7 - 84*f + 79*f. Calculate i(6).
-21
Let k be 22/(-55) - (-284)/10. Suppose 2*c + 5*y = 7*c - 70, -k = -3*c - 4*y. Let p(f) = 5 + 5*f - 13*f**2 + 8 + c*f**2 - 6. Calculate p(7).
-7
Suppose -8*j + 17 = -5*j + 2*r, -4 = -r. Let b(n) = 6*n - 2 - j - 7*n. Determine b(-5).
0
Let c = -687 - -684. Let v(r) = -4*r**2 - 2*r - 2. Let j(x) = -5*x**2 - 2*x - 3. Let p(a) = -2*j(a) + 3*v(a). Determine p(c).
-12
Let j(x) = 2*x - 2036*x**2 - 2036*x**2 + 4073*x**2 - 4. Let v = 0 + 3. Give j(v).
11
Let u(f) = -4*f - 13 + 0*f - f + 2*f. Let s(r) = 2*r + 9. Let x(w) = 7*s(w) + 5*u(w). Let k be x(1). Let n(h) = h**3 + 2*h**2 - h - 4. Calculate n(k).
-10
Let d(n) be the second derivative of -n**5/20 + n**4/3 - n**3/3 + n**2 + 36*n. What is d(4)?
-6
Let v(u) = -2*u**2 - 93 + 234 - 83 + 14*u - 83. Give v(5).
-5
Let g(q) = q**3 - 16*q**2 + 17*q - 31. Let a(b) = -10*b**2 - 43*b + 3. Let j be a(-4). Determine g(j).
-1
Suppose a = -2*a. Suppose -6*t + 79 + 5 = 0. Let c(s) = 18 + s - t + 7. Calculate c(a).
11
Let x(u) = u**2 - 13*u - 1. Let p be x(13). Let k(m) be the first derivative of 4 + m + 0*m**2 + 7/3*m**3. What is k(p)?
8
Let l(v) be the third derivative of -v**4/12 + v**3/2 - 37*v**2 + 7*v. Calculate l(7).
-11
Let h(d) = -d**3 + 5*d**2 + 3*d - 28. Let z be h(4). Let p(q) = -q**3 + 15. Calculate p(z).
15
Suppose -2*t = -5*q - 1, 2*t - 7 = -q + 6*t. Let i be (0 + -4)/(q - -2). Let m = -1 + i. Let k(r) = r + 1. Calculate k(m).
-4
Let z(d) be the second derivative of -d**3/6 + 2*d**2 - 11*d. Let v be (-5)/(-2)*(13 - 11). Determine z(v).
-1
Suppose 5*t = f - 7 - 33, 5*t - 5*f + 40 = 0. Let k(o) be the first derivative of o**2 + 2*o + 3. Determine k(t).
-14
Let n(k) = -2 + 4*k + 0 - 3*k. Suppose 13*v + 6*v = -11*v. Determine n(v).
-2
Let i(u) = -u**2 + 25*u. Let r(j) = 3*j**2 - 72*j. Let p(f) = -17*i(f) - 6*r(f). Let w = -2 - -8. What is p(w)?
6
Let m = -55 - -60. Let i(o) = 10*o**2 - 11*o + 10. Let c(r) = 7*r**2 - 7*r + 7. Let k(h) = 7*c(h) - 5*i(h). What is k(m)?
4
Let y be -3*(18/(-72) - 38/(-24)). Let t(k) = -k**3 - 5*k**2 + 17. Determine t(y).
1
Suppose 44*k = -5*d + 47*k + 47, -k = -4*d + 32. Let q(t) = -7*t + t**3 - 3*t**3 + 3*t**3 + 1 - 6*t**2. Determine q(d).
1
Let k(j) be the third derivative of -3/8*j**4 + 0 + 1/60*j**5 + 5/3*j**3 + 0*j - 7*j**2. Let x = 28 - 21. Calculate k(x).
-4
Let y(z) = -z**3 + 4*z**2 + 2*z - 2. Suppose 0 = 4*n - 5*t - 47, -2*n - 4*t + 20 = 2*n. Let f(v) = -v**3 + 7*v**2 + 8*v + 4. Let r be f(n). Calculate y(r).
6
Let w(i) = -i**3 + i**2 + 2*i. Let p be w(2). Suppose 2*s - 12 = 5*n - 3*n, p = -4*n - 12. Let h(d) = -20*d**3 - 2*d**2 - s*d + 10*d**3 + 9*d**3. What is h(-2)?
6
Suppose 0*h + 5*h + 31 = -4*l, -h = -3*l + 10. Suppose -4*j = -48 + 40. Let n(b) = -2*b**3 + 9*b + 9 + 3*b**3 + 8*b**j + 2*b**2 - 2*b**2. Calculate n(h).
-5
Let t be 5*-1*(2 - 1). Let v(x) = x + 6. What is v(t)?
1
Suppose 3*y + 12 = 2*a, 2*a + 4*y = 4 - 6. Let j be (15/(-4))/(9/(-24)). Let i(c) = c - 1. Let f(t) = -2*t + 2. Let b(w) = j*i(w) + 6*f(w). Calculate b(a).
-4
Let z be (-18)/(-27) - 4/6. Suppose j + 4*j - 30 = z. Let y(c) be the second derivative of -c**5/20 + 7*c**4/12 - c**3 - 4*c**2 + 6*c. Determine y(j).
-8
Suppose -31 = -3*o - 2*z, 3*o + o = -z + 38. Let y(v) = -v**3 + 9*v**2 - v + 9. Determine y(o).
0
Let r(t) = -t + 58. Suppose -11*l + 16 = -14*l + 4*y, -4*l = 2*y - 8. Calculate r(l).
58
Let t(y) be the first derivative of y**3/3 - 9*y**2/2 + 4*y + 59. What is t(7)?
-10
Let f(u) be the first derivative of u**4/4 + 11*u**3/3 - 11*u**2/2 + 3*u + 393. Give f(-12).
-9
Let i(y) = y**3 + 4*y**2 - 5*y + 1. Let j = -34 + 32. Let g(o) = -2*o**2 + 3. Let p be g(j). Let a be i(p). Let x(t) = 3*t**2 + t. What is x(a)?
4
Let i(g) = -39*g**2 - 2*g - 1. Let m = 589 - 590. What is i(m)?
-38
Let l be (4/3 + -2)/((-92)/1242). Suppose 5*b - 6 - 24 = 0. Suppose t = -b + l. Let d(p) = p**2 - 2*p - 2. Calculate d(t).
1
Let x(k) = -11*k - 33*k**3 + 13*k**3 - 25 - 5*k**2 + 21*k**3 - k - 8*k**2. Give x(14).
3
Let k(z) = -z**2 - 1. Let o(d) = 9*d + 292 + 0*d**2 - 262 + 4*d**2. Let h(y) = -5*k(y) - o(y). Let s be h(11). Let v(b) = -b**2 - 3. What is v(s)?
-12
Let s(r) be the second derivative of -1/2*r**2 - 5*r + 0 + 1/3*r**4 + 0*r**3. Suppose -3*b = -2*d + 2, 3*d - 5 = -3*b - 2. Calculate s(d).
3
Let r(t) = -t**3 - t**2 + t - 5. Suppose -i + 5*f + 12 = 2*f, -3*f - 12 = 5*i. Determine r(i).
-5
Let d(i) be the second derivative of i**3/6 + 6*i**2 - i + 3. What is d(-6)?
6
Let f(d) be the third derivative of -d**6/120 - 7*d**5/60 - d**4/6 + 2*d**3/3 + 4*d**2 + 9*d. Let t = -11 + 5. Give f(t).
-8
Suppose -r = r - 2. Let h(u) = 2 + r - 2 + 4*u + u. Let m(v) = v**2 - 6*v + 1. Let z be m(6). Determine h(z).
6
Let t(z) = 2*z**2 - 2*z + z**3 + 4*z + z. What is t(-2)?
-6
Let f(n) = 2*n**2 + 17. Let s(v) = -2*v**2 - 16. Let k(d) = 4*f(d) + 5*s(d). Let p(t) be the first derivative of k(t). Determine p(-1).
4
Let q(h) be the first derivative of -2*h**3/3 + 573. What is q(-2)?
-8
Let i(s) = -s - 10. Let k be i(-7). Let j(h) be the second derivative of h**3 - h**2 - 42*h. What is j(k)?
-20
Let y(s) = -3*s**3 + 3*s**2 + 5. Let z(r) = -16*r**3 + 17*r**2 + r + 26. Let i(v) = 11*y(v) - 2*z(v). Determine i(2).
-13
Suppose -3*b + 2 = -4*l, 3*b + 2*l + 9 = -1. Let o(t) = 2*t**3 + t - 249 + t**2 + 6*t**2 + 247 - 3*t**2. Calculate o(b).
-4
Let t(c) be the second derivative of -7*c**5/20 - c**3/6 + c**2 - 3*c - 16. Calculate t(1).
-6
Let f(b) = -b**2. Let j = -549 + 546. Determine f(j).
-9
Let d = 4 - 4. Suppose 1 + d = -h. Let w(o) be the third derivative of 5*o**4/24 - o**2. Determine w(h).
-5
Let v(x) = -x**2 + 24 + 966*x - 970*x - 26. Calculate v(-1).
1
Suppose -16*c = -11*c - 395. Let t = c - 87. Let q(m) = m**2 + 9*m. Give q(t).
-8
Let p(m) be the second derivative of 0 + 1/3*m**3 - 30*m + 0*m**2. Suppose 19 = -0*l + 5*l - 3*t, t = -3. Determine p(l).
4
Suppose -2*x + 8 = 34. Let y(f) = f**3 + 14*f**2 + 14*f + 10. Calculate y(x).
-3
Let h(k) be the first derivative of -1/6*k**3 - 7 + 1/2*k**2 + 3*k. Let b(p) be the first derivative of h(p). What is b(6)?
-5
Let y = -26 + 31. Let w(u) = 4*u**3 + 5*u + 2. Let d(m) = 3*m**3 - m**2 + 5*m + 3. Let i(z) = y*d(z) - 4*w(z). Determine i(-6).
13
Let n(i) = i**2 - 3. Let b(x) = -45*x + 23*x + 21*x - 6 + 2*x**2. Let u(g) = 2*b(g) - 5*n